).
7
Evaluate (-8 - (-3 - 1)) + -1.
-5
(-17 - -23) + (-7 - 3)
-4
0 + (-7 - -14 - 4)
3
Evaluate -6 + 1 + (15 - 10) + -6.
-6
What is the value of 0 - (-1 + 11 + -12)?
2
Evaluate -4 + 2 + 3 + -2 - -1.
0
(5 - (0 - -10)) + (2 - -1)
-2
(-1 - 7) + -12 + 11 + 3
-6
Calculate 0 + 3 + -2 - -3.
4
Evaluate -2 + (6 - (2 + -1)) - -1.
4
6 + 0 - (-71 + 73)
4
Calculate 11 + -10 - (2 - (2 - -2)).
3
What is the value of 1 - -4 - (-25 - -34)?
-4
Evaluate 3 + 6 + 3 + 0 + -1.
11
Evaluate 1 - (-1 - (-1 + (1 - 3))).
-1
Calculate -80 - -74 - (-4 - 2).
0
0 + (-11 - -13) - -5
7
What is the value of -6 + (2 - 0) - -4?
0
What is the value of 1 + (-3 - -6) + -4 + -1?
-1
Calculate (-10 - -7) + (5 - 0 - 2).
0
Evaluate -9 + (4 - 0) + -4.
-9
(3 - 1 - -2) + 4 - 15
-7
Evaluate 5 - (6 - 2) - 0.
1
What is 16 - ((-13 - -10) + 12)?
7
What is the value of -2 + (5 - (-3 + 6)) + -1?
-1
-1 + -5 - (2 + -6)
-2
Calculate 5 + (0 - -6) + -16.
-5
Calculate -5 + (-10 + 19 - 1).
3
Evaluate 6 + -1 + -2 + 1 + 2.
6
What is 7 + (1 + -6 - -1)?
3
14 + 7 + -8 + -6 + 0
7
Evaluate 12 + (-2 - (13 + -11)).
8
What is the value of 5 - (9 + -1 - -2)?
-5
What is the value of 4 + -1 + (2 + -9 - -6)?
2
Calculate 2 - (4 - 6) - (-5 - -4).
5
12 + 0 + (5 - 11)
6
Calculate -1 + 1 + (8 - 5) + -9.
-6
(-5 - 1) + 1 - -3
-2
Evaluate 9 + (1 - -4 - 12).
2
What is 1 + (5 - (3 + -1))?
4
What is the value of 4 + -3 + (0 - 0 - -3)?
4
Evaluate -3 + (-12 - -8) + 4.
-3
-6 + -2 + 1 + 2
-5
What is -1 - -4 - (68 - 71)?
6
What is the value of 2 + (-1 - (1 + -4)) - 2?
2
Calculate (7 - 2) + (-2 - 10 - -10).
3
Evaluate -6 + 3 - (1 + -2).
-2
What is 4 + (-1 - 3) + 6?
6
(0 - -1 - 2) + -1 - -6
4
What is the value of (4 - 1) + -2 + (-12 - -12)?
1
Calculate 1 + 0 + -1 + 1.
1
Evaluate 0 - (10 - (-9 - -17)).
-2
What is the value of -6 - (-3 - -8 - 9)?
-2
3 - 2 - (3 + (-4 - -2))
0
What is the value of -3 + -9 + 7 - -1?
-4
What is the value of (15 - (-2 + 9)) + -2 + -2?
4
What is (-1 - -6 - 3) + -2?
0
What is -4 + -4 + 10 + 7?
9
Evaluate (-8 + 5 - -10) + -6.
1
Evaluate -4 + 1 - (11 - 15).
1
Calculate -1 + -1 + -2 + (-2 - -7).
1
(1 - (-14 - -10)) + -12
-7
Calculate 6 + -1 + (-13 - -11).
3
What is 1 - (-4 - (0 - 7) - 8)?
6
Evaluate -1 + 1 + 22 + -22.
0
What is 6 + -14 + 2 + 13?
7
-4 + 6 + (-1 - 3)
-2
4 - ((-9 + 5 - 1) + 5)
4
What is (-2 + -2 - -2) + 4 + -4?
-2
What is -2 - 2 - (7 + (-9 - 4))?
2
Evaluate (-28 - -22) + (-1 - -8).
1
(2 - 5) + 3 + -1 + 0
-1
What is (-48 - -52) + -1 + -7 + -1?
-5
3 + (1 + (4 - 8) - -2)
2
Evaluate 2 + 0 + 5 + -6.
1
Evaluate -2 + 2 + -1 - (2 - 2).
-1
What is -3 + -2 + (-4 - -9) + -1?
-1
What is -12 + -15 + 14 + 3?
-10
Calculate 3 + -5 + 4 - (3 - 7).
6
What is the value of 1 - (-5 + 4) - -2 - -2?
6
What is the value of 2 + 0 - (-4 + (3 - 5))?
8
(5 - 2) + -16 + 12 + -4
-5
Evaluate 6 + (-1 - -2) + -4.
3
What is -17 + (-11 - -25) - (-1 + -3)?
1
Calculate (22 + -9 - 9) + -2.
2
What is (-59 - -73) + (0 - 4)?
10
Calculate -1 + 13 + -26 + 14.
0
-2 + (-40 - -38 - (2 - 4))
-2
Calculate 8 + -4 + (2 - 9) - -3.
0
Calculate -2 - 6 - -4 - (-1 - 0).
-3
Evaluate 2 - (0 - -8) - -3.
-3
Evaluate (2 - 7) + (2 - (0 - 1)).
-2
Evaluate 2 + 1 - (-2 + 4).
1
What is 1 + (1 - -1) + -7?
-4
5 - (0 + 1 + 0)
4
Calculate -3 + -3 - (-3 + 2).
-5
Calculate (2 + -3 - -2) + 1 + 2.
4
What is the value of -1 + -6 + (7 - (-5 - -12))?
-7
What is 1 + (0 - (3 - (-3 + 7)))?
2
4 + 1 + 3 + -4
4
What is the value of -4 - (-4 + (-3 - -7) + -3)?
-1
Evaluate 3 + 4 + 3 + -3.
7
Evaluate 0 - -4 - (-7 + 11).
0
Evaluate -2 - (-4 - (-5 + 1)).
-2
Evaluate (-3 - 0) + (-9 - 0 - -4).
-8
What is the value of (2 - 3) + 2 - (-3 - -6)?
-2
Calculate (-7 - -20) + -8 + 0.
5
What is the value of -4 + 3 + -3 + 3?
-1
Calculate -8 + (2 - (-4 + 4)) + -2.
-8
Calculate 3 - (-2 + (-1 - -1)).
5
-20 + 16 - (-7 - -1)
2
Evaluate -1 + 1 + (-5 - -3).
-2
Calculate 1 - (1 + 0 + -2 + -3).
5
What is 3 + -5 + (2 - 2 - -3)?
1
What is -1 - (-3 + 9 + -3) - -1?
-3
What is the value of 3 + -2 + -6 + 2?
-3
Calculate 3 + 34 + -31 + -11 + -1.
-6
1 + (-5 - (6 + -1))
-9
Calculate (0 - -5) + 0 + 0.
5
1 + -4 + 4 + 3
4
Evaluate 0 + -1 - (6 + (-2 - 4)).
-1
What is the value of 4 + (-3 - -1) - (0 - 2)?
4
What is -14 - -9 - (0 - -1)?
-6
What is -1 - (-4 + 7 - -1)?
-5
Calculate 4 - (-11 + -5 - (-5 - 4)).
11
What is 9 + -17 + -1 + 5?
-4
What is (5 - 3) + (1 - -2 - 4)?
1
1 - (-8 + 1 - -7)
1
Evaluate -7 + (-11 - -7) + 5.
-6
What is 1 - (-4 - -6) - (3 + -2)?
-2
Calculate -3 + (4 - 4 - (-4 - -1)).
0
Evaluate (-6 - -3) + -3 + 5 + 3.
2
7 + -5 + 4 + -2
4
What is -1 + 5 + -4 + -3?
-3
Calculate -2 - -9 - (4 + 6).
-3
Evaluate 1 + (-12 + 10 - (1 + -2)).
0
What is the value of (-2 - -3) + 11 + -7?
5
What is -18 + 16 + 0 + 1 + 3?
2
What is 0 + 1 + (2 - 2)?
1
What is 7 - 1 - (46 + -47)?
7
What is 0 - (4 + (-9 - -5))?
0
What is (26 - 31) + 1 + -1?
-5
-15 + 5 + -4 - -16
2
What is the value of -3 - -1 - ((1 - 2) + 2)?
-3
What is the value of -3 - (0 + 0 - 3)?
0
Evaluate 11 + 2 + 3 + (36 - 43).
9
Calculate 5 - (-5 + -2 + 1 - -11).
0
What is -1 + (-3 + 2 - 0) - -4?
2
What is the value of -6 - (-4 - (11 + -9))?
0
What is the value of (5 - 6) + 4 + (-3 - 0)?
0
What is -2 + -2 + (1 - -3)?
0
Calculate 4 + 4 + -3 - 13.
-8
0 + 7 - (-32 + 46)
-7
Evaluate -8 + 10 - (2 - (5 + 0)).
5
What is the value of -2 - (0 + -2) - 2 - 0?
-2
What is -6 + 1 - (6 - (-8 - -14))?
-5
Calculate 13 + (-9 + 11 - 11).
4
What is the value of 1 + -7 - (-1 + (-6 - -3))?
-2
What is the value of 4 + 0 - (-6 - -14) - -9?
5
Calculate 4 + (-12 + 3 - -1) - -2.
-2
What is the value of 2 + (2 - 7 - -4)?
1
Evaluate 10 - (-13 + 17) - (-2 + 1).
7
Evaluate 10 + (-5 + 7 - (4 + 1)).
7
Evaluate (12 - 5) + -3 + 4.
8
Calculate 7 - (-6 - (-1 + (-2 - 4))).
6
Calculate (28 - 20) + (0 - 2) + -3.
3
(-5 + 24 - 10) + -3 + 0
6
-1 + -1 + (-18 - (7 + -17))
-10
What is the value of -2 - (1 - (4 + 7 + 0))?
8
What is the value of -3 + 5 + 1 + 1 + 0?
4
Calculate -1 + 7 - (17 - 15) - -7.
11
What is the value of (-4 - 8 - -10) + 9 + -3?
4
What is the value of -1 - (14 + -8 - 8)?
1
What is -4 - (-2 - (0 + 2 - 4))?
-4
What is 1 + 10 - (216 + -211)?
6
What is 5 + (-8 - -6 - -5 - 10)?
-2
What is the value of (0 + 23 - 16) + -5 + -2?
0
What is 2 + (2 - 8) + -1 + -1?
-6
Calculate -7 + (1 - (-3 + -5)).
2
-1 - (-1 - (0 + 2))
2
Evaluate 52 - 51 - (-1 + 4).
-2
What is the value of 2 + 0 + (2 - 2 - -1)?
3
What is the value of -24 + 5 - -3 - (6 + -13)?
-9
What is (-4 - -2) + 3 - (5 - 5)?
1
0 - ((1 - -1) + 2) - -1
-3
What is (18 - 25) + (3 - 2)?
-6
-8 - (-3 - (6 + -3))
-2
Calculate (-5 + -1 - -5) + 5.
4
What is 5 + (-14 - (-6 - -8) - -5)?
-6
What is the value of -20 + 17 - (-3 - 1)?
1
What is the value of 5 + 0 - ((-4 - -8) + 5)?
-4
What is the value of -18 + 21 - (-3 + 3 + 3)?
0
(0 - 5) + (15 - 15) + 8
3
3 - (0 - (2 + -2))
3
Evaluate -12 - (3 - 11) - (-10 + 1).
5
4 + (-1 - -5) + -2 + -11
-5
What is the value of -1 + (-2 - (-5 - -8) - -3)?
-3
Evaluate 6 - 1 - 8 - -5.
2
What is the value of 0 + -7 + (28 - 14) + -10?
-3
Calculate -1 + 3 + 4 + 0.
6
Calculate -12 + 6 + -1 - -3.
-4
Calculate -10 - -1 - -7 - 7.
-9
What is 1 + (1 - -4) - (259 - 250)?
-3
Calculate -8 + 10 - (-1 + 0).
3
What is the value of -17 + 2 + 6 - -15?
6
(-1 - -4) + (-5 - -8)
6
What is -20 + 1 + -1 - -11?
-9
3 - (2 + -5 + (-1 - -3))
4
Evaluate -1 + 3 + -1 + 1 + -2.
0
Evaluate -2 + -4 + 6 + (-3 - 1).
-4
What is (-1 - 2) + (5 - 3)?
-1
-2 - (-5 + 11 + -5)
-3
Calculate 5 + -4 + 0 + -2 + 1.
0
Calculate (0 - -7) + (-2 - -1) + -2.
4
What is 2 - 10 - (7 + -8)?
-7
Evaluate 0 + -1 + -1 + -3.
-5
What is the value of -3 + (-2 + -3 - 0 - -3)?
-5
What is the value of -5 - (0 - (-1 + 11))?
5
What is the value of -6 + (-5 - -7 - 1)?
-5
Evaluate 15 + -8 + -3 + -2 + -2.
0
Evaluate (-7 - 0) + 12 - 0.
5
What is 1 - ((-4 - 2) + 3 + -2)?
6
Evaluate (-4 - 3) + 7 + -4.
-4
Calculate -17 - (0 - 4) - -4 - -4.
-5
What is (-8 - (3 + -6 + 2)) + 5?
-2
Calculate 3 + (-7 - (-1 + -7)) + -4.
0
Calculate 94 + -97 + (0 - -2 - -3).
2
What is the value of (0 - 3) + (1 - -2) + 1?
1
Calculate -6 - ((-6 - (-6 - -4)) + -10).
8
Evaluate 4 + -4 - (11 - 4).
-7
Evaluate 3 - (1 + (4 - 6)).
4
What is -1 + 1 + -12 + 9 - 2?
-5
Calculate 13 + (7 - 4) + -8.
8
What is the value of 2 + (5 - 14) - -3?
-4
What is -13 + 8 + (7 - 3 - 1)?
-2
Evaluate 0 - (2 + -11 - -4).
5
-10 + (8 - 0) + 11
9
Calculate 13 + (6 